ime factors of f?
11
Let m(x) = -7*x**3 + 16*x**2 + 10*x + 13. Let o(g) = -3*g**3 + 8*g**2 + 5*g + 7. Let b(y) = 2*m(y) - 5*o(y). List the prime factors of b(9).
3
Let r = 10 - 3. Let w = r - -5. What are the prime factors of w?
2, 3
Let v = -3 + 5. Suppose -g - v*g = -6. Suppose -5*w + 10 = d, g*d + 26 = 7*d + w. What are the prime factors of d?
5
Let r(w) = w**2 - 4*w + 4. Let z be r(4). Suppose z*h - 5*h = -3*t + 9, 5 = h + 4*t. Let c = 2 - h. What are the prime factors of c?
5
Let w(d) = -3*d**2 - 10 + 9*d - 3*d + 8 + 4*d**2. Let u be w(-7). Suppose -4*k + 2*c = 3*c - 38, -u*k + 46 = 2*c. What are the prime factors of k?
2, 5
Let m be ((-44)/8)/((-2)/(-4)). Let a = m - -20. List the prime factors of a.
3
Let m(t) be the third derivative of -t**6/120 + t**5/12 - t**4/12 - t**3/6 + t**2. What are the prime factors of m(4)?
7
List the prime factors of (-6 + 7 - 10)/(2/(-46)).
3, 23
Suppose 5*u - 55 = 3*d, u - 5*d = 5 + 6. What are the prime factors of u?
11
Let d = -80 + 161. List the prime factors of d.
3
Suppose 32 = 3*u - 91. What are the prime factors of u?
41
Let g = -31 + 35. What are the prime factors of g?
2
Suppose -4*l + 432 = -4*a - 248, -l + 173 = 2*a. What are the prime factors of l?
3, 19
Let f(p) = -p. Let g be f(-6). Suppose -g*x = -x - 60. List the prime factors of x.
2, 3
Let j = 116 - 57. What are the prime factors of j?
59
Let b be 24*((-10)/8 + 2). Suppose 5*z - b = 7. What are the prime factors of z?
5
Let y(s) = s**2 + 3*s - 6. Let a be y(-5). Suppose 3*n - 5 + 2 = 0, n = -4*g - 119. List the prime factors of (-8)/6*g/a.
2, 5
Suppose 3*y = 3*g - 21, -2*y = g + y + 13. Suppose t = 5*d - 179, 3*d - g*t - 15 - 98 = 0. List the prime factors of d.
5, 7
Let n = 16 - 11. Suppose -n*v - h + 0 = -19, 4*h - 8 = -3*v. Suppose 0*l = v*l - 12. List the prime factors of l.
3
Let r be (-10)/(-15)*54/4. Let m = r - 7. What are the prime factors of m?
2
Suppose -5*j = -2 - 3. Let m be (6/5)/3*5. Let y = j + m. What are the prime factors of y?
3
Let t be (-1)/((-1)/4*2). Suppose t*c = 5*f + 38, c = -3*c + 4*f + 52. Suppose 5*n = -3*b + 24, 0 = 2*b - 4*n - n + c. What are the prime factors of b?
3
Let b = 5 + -2. What are the prime factors of (-5)/(-1)*(-2 + b)?
5
Let c be 0 - (-2 + 1) - -4. Let i(r) = -11 - c*r**2 - 7*r - 3*r + 4*r**2. What are the prime factors of i(-8)?
5
Let k(q) = -105*q. Let n be k(-1). Suppose -3*t - 2*t = -n. List the prime factors of t.
3, 7
Let j = -8 + 18. Let w be (1 + 0)/(2/j). Suppose -i + w*i = 12. What are the prime factors of i?
3
Suppose -9 = 4*c + 3*o + 40, 2*o = -2*c - 22. Let m be 4/c - 18/(-8). Suppose m*y - 2 = -2*l, 7 = -5*l + y + 42. List the prime factors of l.
2, 3
Let d be (-2 + 4)*(0 - 4). List the prime factors of 12/16 - 138/d.
2, 3
Suppose 4*c - 9 - 3 = 0. Let b = 31 - c. List the prime factors of b.
2, 7
Let z(m) = -m**3 + 8*m**2 - 4*m - 3. What are the prime factors of z(4)?
3, 5
Let z(d) = d**2 - d - 3. Let j be z(4). Let k(b) = b**2 - 7*b + 3. List the prime factors of k(j).
3, 7
Let a = -8 + 47. What are the prime factors of a?
3, 13
Suppose -3 = -y - h + 7, 2*y + h - 19 = 0. Let a(s) = 5*s. What are the prime factors of a(y)?
3, 5
Let t be (54/12)/((-2)/(-4)). Suppose -66 = -0*z - 5*z + g, 0 = -2*z + 2*g + 20. Suppose -4*w + 2*a = -z, 2*a + 0*a = 3*w - t. What are the prime factors of w?
5
Let v(q) = -2*q - 10 - 9*q**2 + 2*q**3 - q**3 - 3*q + 2*q**2. List the prime factors of v(8).
2, 7
Let r = -237 - -407. What are the prime factors of r?
2, 5, 17
Suppose -2*j + 5*s - 17 = 0, -3 = 4*j + s - 24. Suppose 5*r - 94 = -j*z, r = 2*z + 3*z - 103. List the prime factors of z.
3, 7
Suppose 25 = 5*h, -8*m + 2*h + 142 = -4*m. Let z = -7 + m. List the prime factors of z.
31
Let i(x) = -x**3 - 15*x**2 + x + 19. Let d be i(-15). Suppose 5*a - l = 4*l + 85, 17 = a - 2*l. Let f = a - d. What are the prime factors of f?
13
Let x(s) be the second derivative of -s**4/12 - 4*s**3/3 + 3*s**2 + 2*s. Let h be x(-5). Let u = -13 + h. What are the prime factors of u?
2
Let v be 117/12 + ((-5)/(-4) - 2). Let m(u) = u**3 - 2*u**2 - 2*u - 1. Let l be m(-1). What are the prime factors of l/v + (-292)/(-18)?
2
Let m(i) = -7*i**2 - 10*i + 2. Let w(n) = -n**2 - n + 1. Let y(p) = -m(p) + 5*w(p). What are the prime factors of y(-3)?
2, 3
Suppose -b - 83 = 4*l - 2*b, 2*l - 3*b + 49 = 0. List the prime factors of ((-168)/35)/(6/l).
2
Let h be 274/10 - 4/10. Suppose h - 1 = 2*j + 4*m, -2*j = -m - 16. What are the prime factors of j?
3
Suppose 5*h = -5*f + 3*h + 33, 2*h = -2. List the prime factors of f.
7
Let z(j) be the third derivative of 11*j**4/24 - 2*j**3/3 - 6*j**2. What are the prime factors of z(3)?
29
Let u(w) = w - 9. Let l be u(10). List the prime factors of 1/(l*(-1)/(-59)).
59
Let g(l) = 13*l - 13. List the prime factors of g(7).
2, 3, 13
Let f be (-24)/(-10)*10/4. Suppose -4*d - 7 - 9 = 4*x, 2*d = -f. Let w(y) = -9*y - 1. What are the prime factors of w(x)?
2
Suppose -y - 12 = -2*m + 2*y, 2*y + 10 = 2*m. Suppose -b - 4*x - 3 = 0, m*x - 8*x - 33 = -b. List the prime factors of b.
13
Suppose 0 = -4*w + 6 + 10. Suppose 3*y + 10 = s, 2*s + 10 = 5*s - w*y. What are the prime factors of s/9 - 20/(-9)?
2
List the prime factors of ((-3)/2)/((-3)/114).
3, 19
Let p be (-2)/2 - (-2 - 0). Suppose 64 = 3*h - 2*q - 0*q, 4*h - 4*q = 92. What are the prime factors of p/(15/h)*5?
2, 3
Suppose f + 16 = 3*f. Let b = f + -2. List the prime factors of b.
2, 3
Let u be 1/3 + 40/6. Let q = -3 + u. Suppose -4*m + q*k + 19 - 7 = 0, 0 = 2*m - 3*k - 5. List the prime factors of m.
2
Let s(l) = l**3 + 4*l**2 - l. Let i be s(-4). Suppose 64 + 32 = i*w. What are the prime factors of w?
2, 3
Let r be (-2 + 5)*(-4)/(-3). Let p = -14 + 9. What are the prime factors of (p/3)/(r/(-12))?
5
Let t be -1*11 - (1 - 4). Let n be 0 + 1 - t/(-4). List the prime factors of (-3 + 4)*n - -7.
2, 3
Suppose -3*b + 59 = o, -156 + 51 = -5*b - 5*o. Let a = b - 6. What are the prime factors of a?
13
Let g(k) = -11*k + 26. List the prime factors of g(-5).
3
Let k = 330 + -195. List the prime factors of k.
3, 5
Let o = 54 + 39. List the prime factors of o.
3, 31
Let t(g) = g**2 + 9*g - 3. Let o be t(-7). List the prime factors of o/(-2) - (-6)/4.
2, 5
Suppose -2*t = -1 - 9. List the prime factors of t.
5
Suppose 18 = 4*i - 5*a, 0*i - 2*a - 17 = -3*i. List the prime factors of i.
7
Let z be 4/(-18) - 43/9. List the prime factors of 12*-2*z/15.
2
Suppose 5*r = 4*w + 8, -w - 8 = -2*r + 3*w. Suppose 5*h = -3*a - 0*a + 28, -4*h + 8 = r. Suppose a = -5*s + 56. List the prime factors of s.
2, 5
Let b be (-13364)/(-117) - (-2)/(-9). List the prime factors of b/9*9/2.
3, 19
Suppose -4*u + 0*u - 32 = 0. Let z be u*((-10)/4 + 2). Suppose -l + 4 = -z. What are the prime factors of l?
2
Suppose 3*s + 36 = -0*s. What are the prime factors of (39/s)/((-2)/16)?
2, 13
Let t(w) = 3 + w**2 - 6*w - 2 - 4 - 4. Let k be t(7). Suppose k = 5*f + c - 28, 2*c = -4*f + 4 + 16. What are the prime factors of f?
2, 3
Let u(z) = -z**2 + 13*z - 9. Let b(s) = s**3 - 6*s**2 - 5*s - 7. Let l be b(7). Let d be u(l). Let q = d + -21. List the prime factors of q.
2, 3
Suppose -2*g = 5*t - 13, -3*g = 3*t + g - 5. Suppose 0 = -t*o + 94 - 25. List the prime factors of o.
23
Let y(x) = 38*x + 37. List the prime factors of y(5).
227
List the prime factors of (-4)/14 - 21866/(-91).
2, 3, 5
Let v(f) = 5*f - 2 - 8*f - 2. Let t be 4/2*(-15)/6. What are the prime factors of v(t)?
11
Suppose 0 = -2*o - 56 + 20. Let l = 33 + o. List the prime factors of l.
3, 5
Let p(r) = r**2 - r - 1. Let o be (-6)/(-9)*(-9)/3. Let u be p(o). Suppose -u*n = 2*t - 7 - 6, 2*n = -5*t + 1. What are the prime factors of n?
3
Suppose 3*i = -2*i + 145. What are the prime factors of i?
29
Suppose -2*r - 2*r + 35 = -l, 3*l - 31 = -5*r. Suppose 3*i - 6*k = -4*k + r, 0 = 3*i - 3*k - 12. Let m = i + 2. What are the prime factors of m?
2
Let x = 7 - 13. List the prime factors of 0/(-2) - (x - -1).
5
Let c = 9 + -7. Suppose c*x = -5*a + 65, 2*x - x - 4*a = 39. What are the prime factors of x?
5, 7
Let p = 2 + 49. What are the prime factors of p?
3, 17
Suppose 30 + 40 = s. Suppose -i = -3*n + 26, -5*n = -2*i + 7*i - s. List the prime factors of n.
2, 5
Let k = 7 - 7. Suppose k = 5*r - 5*d - 30, 0 = 3*r - 3*d + 4*d - 34. What are the 